prime factors of l?
19
Suppose -11*g + 25550 = 1042. What are the prime factors of g?
2, 557
Let l(p) = 2*p**2 + 25*p - 87. List the prime factors of l(-22).
331
What are the prime factors of (4 - -4328) + -1 + 9 + -11?
3, 13, 37
Suppose -3*q + 4 + 26 = 0. Suppose q = -2*f + 3*f - 2*l, -2*l - 28 = -4*f. What are the prime factors of f?
2, 3
Let o be (-2)/3 + (-34)/(-6). Suppose -5*z + 6 = -2*r - 2*r, -9 = -3*z - 3*r. Suppose -z*c - 18 = -2*y + 20, 2*y - 53 = o*c. What are the prime factors of y?
2, 7
Suppose -n + 3*u - 13 = 0, -2*n = 3*n - 2*u. Suppose 0 = -5*r - w + 147, r - 156 = -4*r + n*w. Let m = r + -7. List the prime factors of m.
23
Let d(m) = 18*m + 1. Let q be d(1). Suppose 0*g - 5*g = -165. Let h = g - q. What are the prime factors of h?
2, 7
Let l(p) = 2*p**2 - 13*p - 16. What are the prime factors of l(12)?
2, 29
Let c(w) = 5*w**2 + 4*w - 4. Let f(s) = -9*s**2 - 7*s + 8. Let r(y) = -5*c(y) - 3*f(y). What are the prime factors of r(8)?
2, 3, 11
Let h(k) = -2*k**2 + 14*k**2 + 5 + 3*k**2 - 2*k - 2. What are the prime factors of h(-2)?
67
Let m(h) = h + 1. Let y(w) = -23*w**2 - 3. Let f(a) = -2*m(a) - y(a). List the prime factors of f(2).
89
Suppose 7*j = -7 + 945. Suppose j = 4*s - 2. Suppose -h - 3*t = -61, -h = -2*t - s - 12. What are the prime factors of h?
2, 13
Let y(z) be the second derivative of 33*z**5/20 - z**4/6 + z**2/2 + 3*z. Suppose 6*o = -o + 7. List the prime factors of y(o).
2
Let o(u) = -u**2 - 12*u - 33. Let q be o(-6). What are the prime factors of 1143/6 + q/(-6)?
2, 5, 19
Let o(c) = -3*c + 5*c + 6 + 4*c + 8. List the prime factors of o(13).
2, 23
Suppose 2*y = 3*c + 8606, 3*c + 32 - 20 = 0. List the prime factors of y.
4297
List the prime factors of -1*(4 + -2) + 287.
3, 5, 19
Suppose 0 = -4*z, -17*t = -16*t - 4*z - 1348. List the prime factors of t.
2, 337
Let p be ((-6)/5)/(1/15). Let o = 61 + p. What are the prime factors of o?
43
Suppose 4*k - 2*a - 2 = 0, -a + 8 = 5*k - 5. List the prime factors of k.
2
Let u be (7 + -10)/((-3)/58). Let c = u - -56. List the prime factors of c.
2, 3, 19
Let r(f) be the second derivative of f**4/8 - 7*f**3/2 - 3*f**2 + 2*f. Let x(i) be the first derivative of r(i). List the prime factors of x(9).
2, 3
Let c(z) = -z + 1039. Let h be c(0). Suppose h = 8*k - 89. What are the prime factors of k?
3, 47
Let n = 8 - -33. Suppose 39*m + 192 = n*m. What are the prime factors of m?
2, 3
Suppose 4*i - 1532 - 924 = 0. List the prime factors of i.
2, 307
List the prime factors of 10684/20 + (-2)/10.
2, 3, 89
Let u(p) = 63*p - 73. List the prime factors of u(14).
809
Suppose -l = -14 + 16, -3*l = -5*q + 3501. What are the prime factors of q?
3, 233
Suppose 22*o - 7952 = 6084. List the prime factors of o.
2, 11, 29
Suppose 4*t = t + 96. What are the prime factors of t*(-4 + 8) - -5?
7, 19
Let l(o) be the second derivative of -o**4/12 + o**3/3 + 7*o**2/2 + 11*o. Let k be l(0). Suppose -157 = -5*f + j - k, 0 = -4*j. What are the prime factors of f?
2, 3, 5
Let g be (1 - 1)*(-1)/(-3). Suppose 5*n + 4 - 9 = g. Suppose -101 = -5*q - n. What are the prime factors of q?
2, 5
Suppose 10 = 5*b - 0. Suppose 4*y + b*z - 102 - 6 = 0, 20 = -5*z. List the prime factors of y.
29
Suppose 4*d = h + 146, 5*d - 5*h = 4*d + 46. Suppose 4*n = d + 24. List the prime factors of n.
3, 5
Suppose -6*q - 14 = -2. Let k be (3 - -21)*1/q. What are the prime factors of 184/12 - 8/k?
2
Suppose -10*w + 15*w + 25 = 0. List the prime factors of (-562)/w + 2/(-5).
2, 7
Let x(g) = -g**3 - 6*g**2 + 10*g - 18. List the prime factors of x(-11).
3, 53
Suppose -6*h - 22 = -454. Suppose 9*x - 8*x - h = 0. List the prime factors of x.
2, 3
Let d(z) = -z**3 - 16*z**2 + 13*z - 21. Let i be 1/6*-2*51. List the prime factors of d(i).
47
Suppose 3*c - 57 = 543. Suppose -15*w + 7*w + c = 0. What are the prime factors of w?
5
List the prime factors of 2788/(-123)*(-3)/2.
2, 17
Let n(m) = m**2 + 10*m - 13. Let q(o) = -o**2 + 7*o + 10. Let w be q(9). Let l be n(w). Let y = -3 - l. List the prime factors of y.
2, 13
Suppose 2*u - 3*u - 4*c + 856 = 0, 5*c = 3*u - 2653. What are the prime factors of u?
2, 3, 73
Let w = -748 + 1252. What are the prime factors of w?
2, 3, 7
Let z(b) = -12*b**2 - 6*b - 2. Let k be z(-3). Let j = -19 - k. What are the prime factors of j?
73
Let v(b) = 4*b - 2*b + 2 - b**2 + 6*b. Let d be v(6). What are the prime factors of 234/d + 2/7?
17
Suppose -27 = 3*k + 120. Let s = 72 + k. What are the prime factors of s?
23
Let m = 80 + -70. Suppose 0 = m*j - 4*j - 1482. What are the prime factors of j?
13, 19
Let p(g) = g**2 + 18*g + 59. List the prime factors of p(-61).
2, 3, 149
List the prime factors of (-1 + -8)*-1 + 992.
7, 11, 13
Let n = 1 - -484. What are the prime factors of n?
5, 97
Suppose -10 = -2*g - 4*x + 3*x, -2*g + x + 10 = 0. Suppose 590 = g*t + 145. What are the prime factors of t?
89
Suppose -2*a - 3*a + 310 = 0. Let b be (a + -2)/((-3)/(-2)). Let p = -4 + b. List the prime factors of p.
2, 3
Let h(f) be the third derivative of 19*f**4/24 - f**3/2 - 2*f**2. What are the prime factors of h(3)?
2, 3
Let r = -41 - -44. Let p(j) = -j**3 - 6*j**2 - 6*j - 4. Let l be p(-5). List the prime factors of 29/l + (-6)/r.
3
Let w(b) = b**3 + 16*b**2 - 15*b + 1. What are the prime factors of w(-8)?
3, 211
What are the prime factors of 89 - 0/(7 + -3)?
89
Suppose 2*y + y + 3 = 0. List the prime factors of 69/(-6)*8/y.
2, 23
Suppose 0 = -2*p + 4*u + 4 - 0, 0 = -5*p + 3*u + 17. Suppose -479 - 438 = -5*j + f, 3*j = -p*f + 541. What are the prime factors of j?
3, 61
Suppose 0 = l + l + 26. Let s = l + 13. Suppose -5*m + m = -o - 73, s = -2*m - 3*o + 33. What are the prime factors of m?
2, 3
Suppose 0 = 3298*u - 3291*u - 28945. What are the prime factors of u?
5, 827
List the prime factors of (44/6)/((-2)/(-3)).
11
Suppose 14*l = 18*l - 216. Suppose 3*u = -0*u - 3*k + 72, 4*k = 2*u - l. What are the prime factors of u?
5
Suppose 0 = -6*s + 5*s + 44. Let h be (-1426)/22 + (-8)/s. Let q = h + 92. What are the prime factors of q?
3
Let t(z) = 25*z + 5 + 336*z**2 - z**3 - 327*z**2 + 11*z. List the prime factors of t(11).
3, 53
Let b = -16 - -21. Let u = -4 - b. Let y = u + 18. What are the prime factors of y?
3
Suppose 2*u = -3*c + 20, 0*c = -3*c + 4*u - 4. Suppose -c*g = g - 15. Suppose -g*m - 105 = -3*b, b - 4*b = 3*m - 81. What are the prime factors of b?
31
List the prime factors of (-1170)/12*(6 - 290/25).
2, 3, 7, 13
Suppose 4133 + 20045 = 22*z. What are the prime factors of z?
7, 157
Suppose k + 4*c = -473, -c - 1371 = 3*k - 5*c. Let w = -243 - k. What are the prime factors of w?
2, 109
Let u(z) = 29*z**2 + 11*z + 33. What are the prime factors of u(-5)?
19, 37
Suppose -11*d - 14264 = -19*d. List the prime factors of d.
1783
Let l = 401 - 769. List the prime factors of 34/(-119) - l/14.
2, 13
Let k = 64 - 30. What are the prime factors of 93*k/18 - (-6)/(-9)?
5, 7
Suppose -32*y + 36*y = 32. Suppose 306 = y*z - 2*z. List the prime factors of z.
3, 17
Let c = 11 + -10. Suppose -16 + c = -3*r. Let g(z) = z**2 - 2*z - 1. What are the prime factors of g(r)?
2, 7
Let d be 1 + (1 - 1) + -55. Let k = -35 - d. Let j = k + -8. What are the prime factors of j?
11
Suppose 0*v = 3*v - 3. Let x be 3*v/6*4. Suppose 5*n - 10 = 0, -5*k - 4*n + 69 = -x*n. What are the prime factors of k?
13
Suppose -7020 = -5*f + 2*i, -199*f + 194*f = 3*i - 7020. What are the prime factors of f?
2, 3, 13
List the prime factors of (-4)/14 + (-108)/63*-20.
2, 17
Suppose 2178 = 238*k - 227*k. List the prime factors of k.
2, 3, 11
Suppose 3*c - 2544 = -957. Suppose 0 = 5*l - z - c, 2*z = l + z - 109. List the prime factors of l.
3, 5, 7
What are the prime factors of 4450/4 + 6/12?
3, 7, 53
Let t be (-4)/(1 + (-15)/9). Let i(n) = n**3 - 3*n**2 - 6*n - 3. Let p be i(t). Suppose -15 = -6*o + p. What are the prime factors of o?
2, 7
Let u(s) = -3*s + 2. Let l be u(-2). Let m be 4*(12/l)/3. Suppose -12 = -0*k - m*k. List the prime factors of k.
2, 3
Let o(z) = -z**3 + 22*z**2 - 20*z + 26. List the prime factors of o(15).
1301
Let m be -3*((-18)/(-2))/3. Let v = 10 + m. List the prime factors of (3 - v)/(6/27).
3
Suppose 4*f = 7*h - 4*h + 4545, -3413 = -3*f - 2*h. What are the prime factors of f?
3, 379
Let w(v) = -749*v**3 + v**2 - 2*v - 5. List the prime factor